{"id":480,"date":"2025-10-25T23:57:36","date_gmt":"2025-10-25T21:57:36","guid":{"rendered":"http:\/\/janzak.com.pl\/?page_id=480"},"modified":"2025-11-14T19:46:52","modified_gmt":"2025-11-14T18:46:52","slug":"o-mnie","status":"publish","type":"page","link":"https:\/\/janzak.com.pl\/?page_id=480","title":{"rendered":"o mnie"},"content":{"rendered":"\t\t<div data-elementor-type=\"wp-page\" data-elementor-id=\"480\" class=\"elementor elementor-480\">\n\t\t\t\t<div class=\"elementor-element elementor-element-9416838 e-flex e-con-boxed e-con e-parent\" data-id=\"9416838\" data-element_type=\"container\" data-e-type=\"container\" data-settings=\"{&quot;background_background&quot;:&quot;classic&quot;}\">\n\t\t\t\t\t<div class=\"e-con-inner\">\n\t\t\t\t<div class=\"elementor-element elementor-element-94433aa elementor-widget elementor-widget-button\" data-id=\"94433aa\" data-element_type=\"widget\" data-e-type=\"widget\" data-widget_type=\"button.default\">\n\t\t\t\t\t\t\t\t\t\t<a class=\"elementor-button elementor-button-link elementor-size-sm elementor-animation-shrink\" href=\"#formularz\" id=\"telefon\">\n\t\t\t\t\t\t<span class=\"elementor-button-content-wrapper\">\n\t\t\t\t\t\t\t\t\t<span class=\"elementor-button-text\">zapisz sie na darmowy audyt!!<\/span>\n\t\t\t\t\t<\/span>\n\t\t\t\t\t<\/a>\n\t\t\t\t\t\t\t\t<\/div>\n\t\t\t\t\t<\/div>\n\t\t\t\t<\/div>\n\t\t<div class=\"elementor-element elementor-element-129c292 e-flex e-con-boxed e-con e-parent\" data-id=\"129c292\" data-element_type=\"container\" data-e-type=\"container\" data-settings=\"{&quot;background_background&quot;:&quot;classic&quot;}\">\n\t\t\t\t\t<div class=\"e-con-inner\">\n\t\t<div class=\"elementor-element elementor-element-e6e0644 e-con-full e-flex e-con e-child\" data-id=\"e6e0644\" data-element_type=\"container\" data-e-type=\"container\">\n\t\t\t\t<div class=\"elementor-element elementor-element-808fc27 elementor-widget elementor-widget-image\" data-id=\"808fc27\" data-element_type=\"widget\" data-e-type=\"widget\" data-widget_type=\"image.default\">\n\t\t\t\t\t\t\t\t\t\t\t\t\t\t\t<img decoding=\"async\" src=\"https:\/\/janzak.com.pl\/wp-content\/plugins\/elementor\/assets\/images\/placeholder.png\" title=\"\" alt=\"\" loading=\"lazy\" \/>\t\t\t\t\t\t\t\t\t\t\t\t\t\t\t<\/div>\n\t\t\t\t<\/div>\n\t\t<div class=\"elementor-element elementor-element-dfaf145 e-con-full e-flex e-con e-child\" data-id=\"dfaf145\" data-element_type=\"container\" data-e-type=\"container\">\n\t\t\t\t<div class=\"elementor-element elementor-element-849d24f elementor-widget elementor-widget-heading\" data-id=\"849d24f\" data-element_type=\"widget\" data-e-type=\"widget\" data-widget_type=\"heading.default\">\n\t\t\t\t\t<h2 class=\"elementor-heading-title elementor-size-default\">Kim jestem?<\/h2>\t\t\t\t<\/div>\n\t\t\t\t<div class=\"elementor-element elementor-element-c00bb33 elementor-widget elementor-widget-heading\" data-id=\"c00bb33\" data-element_type=\"widget\" data-e-type=\"widget\" data-widget_type=\"heading.default\">\n\t\t\t\t\t<h2 class=\"elementor-heading-title elementor-size-default\">Cz\u0119\u015b\u0107, nazywam si\u0119 Jan Zakrzewski<\/h2>\t\t\t\t<\/div>\n\t\t\t\t<div class=\"elementor-element elementor-element-a8ef7b9 elementor-widget elementor-widget-text-editor\" data-id=\"a8ef7b9\" data-element_type=\"widget\" data-e-type=\"widget\" data-widget_type=\"text-editor.default\">\n\t\t\t\t\t\t\t\t\t<p>Zajmuj\u0119 si\u0119 <strong data-start=\"423\" data-end=\"459\">SEO, SEM i analityk\u0105 internetow\u0105<\/strong>, pomagaj\u0105c firmom rozwija\u0107 si\u0119 dzi\u0119ki przemy\u015blanym strategiom widoczno\u015bci i konwersji. Z czasem odkry\u0142em, \u017ce skuteczne pozycjonowanie to co\u015b wi\u0119cej ni\u017c s\u0142owa kluczowe i linki \u2014 to <strong data-start=\"640\" data-end=\"669\">do\u015bwiadczenie u\u017cytkownika<\/strong>, kt\u00f3re decyduje o sukcesie. Dlatego \u0142\u0105cz\u0119 klasyczne SEO z podej\u015bciem <strong data-start=\"739\" data-end=\"779\">SXO (Search Experience Optimization)<\/strong>, tworz\u0105c rozwi\u0105zania, kt\u00f3re przyci\u0105gaj\u0105 u\u017cytkownik\u00f3w i sprawiaj\u0105, \u017ce zostaj\u0105 na d\u0142u\u017cej.<\/p>\t\t\t\t\t\t\t\t<\/div>\n\t\t\t\t<\/div>\n\t\t\t\t\t<\/div>\n\t\t\t\t<\/div>\n\t\t<div class=\"elementor-element elementor-element-9873c54 e-flex e-con-boxed e-con e-parent\" data-id=\"9873c54\" data-element_type=\"container\" data-e-type=\"container\" data-settings=\"{&quot;background_background&quot;:&quot;classic&quot;}\">\n\t\t\t\t\t<div class=\"e-con-inner\">\n\t\t<div class=\"elementor-element elementor-element-0df18ed e-con-full e-flex e-con e-child\" data-id=\"0df18ed\" data-element_type=\"container\" data-e-type=\"container\">\n\t\t\t\t<div class=\"elementor-element elementor-element-bfc5167 elementor-widget elementor-widget-text-editor\" data-id=\"bfc5167\" data-element_type=\"widget\" data-e-type=\"widget\" data-widget_type=\"text-editor.default\">\n\t\t\t\t\t\t\t\t\t<p data-start=\"871\" data-end=\"1142\">W pracy stawiam na <strong data-start=\"890\" data-end=\"915\">podej\u015bcie holistyczne<\/strong> \u2014 analizuj\u0119 ca\u0142y ekosystem marki: technologi\u0119, tre\u015bci, zachowania u\u017cytkownik\u00f3w i dane biznesowe. Wsp\u00f3\u0142pracowa\u0142em zar\u00f3wno z ma\u0142ymi, lokalnymi firmami, jak i liderami swoich bran\u017c, prowadz\u0105c projekty o r\u00f3\u017cnej skali i dynamice.<\/p><p data-start=\"1144\" data-end=\"1325\">Bliskie s\u0105 mi tematy <strong data-start=\"1165\" data-end=\"1190\">UX i analityki danych<\/strong>, a w ostatnim czasie coraz mocniej eksploruj\u0119 r\u00f3wnie\u017c <strong data-start=\"1245\" data-end=\"1262\">mo\u017cliwo\u015bci AI<\/strong> w optymalizacji tre\u015bci, proces\u00f3w i strategii marketingowych.<\/p><p data-start=\"1327\" data-end=\"1512\">Dzi\u015b dzia\u0142am jako <strong data-start=\"1345\" data-end=\"1359\">freelancer<\/strong>, doradzaj\u0105c markom w obszarach SEO, SXO i digital growth. Nie szukam uniwersalnych rozwi\u0105za\u0144 \u2014 <strong data-start=\"1455\" data-end=\"1509\">szukam najlepszego rozwi\u0105zania dla Twojego biznesu<\/strong>.<\/p>\t\t\t\t\t\t\t\t<\/div>\n\t\t\t\t<\/div>\n\t\t<div class=\"elementor-element elementor-element-ad5a787 e-con-full e-flex e-con e-child\" data-id=\"ad5a787\" data-element_type=\"container\" data-e-type=\"container\">\n\t\t<div class=\"elementor-element elementor-element-38391b7 e-con-full e-flex e-con e-child\" data-id=\"38391b7\" data-element_type=\"container\" data-e-type=\"container\">\n\t\t\t\t<div class=\"elementor-element elementor-element-0cf1531 elementor-widget elementor-widget-heading\" data-id=\"0cf1531\" data-element_type=\"widget\" data-e-type=\"widget\" data-widget_type=\"heading.default\">\n\t\t\t\t\t<h2 class=\"elementor-heading-title elementor-size-default\">Jak Dzia\u0142am?<\/h2>\t\t\t\t<\/div>\n\t\t\t\t<\/div>\n\t\t\t\t<\/div>\n\t\t\t\t\t<\/div>\n\t\t\t\t<\/div>\n\t\t<div class=\"elementor-element elementor-element-3d07b6c1 e-flex e-con-boxed e-con e-parent\" data-id=\"3d07b6c1\" data-element_type=\"container\" data-e-type=\"container\" data-settings=\"{&quot;background_background&quot;:&quot;classic&quot;}\">\n\t\t\t\t\t<div class=\"e-con-inner\">\n\t\t\t\t<div class=\"elementor-element elementor-element-49dc72e elementor-widget elementor-widget-shortcode\" data-id=\"49dc72e\" data-element_type=\"widget\" data-e-type=\"widget\" data-widget_type=\"shortcode.default\">\n\t\t\t\t\t\t\t<div class=\"elementor-shortcode\">\n<div class=\"wpcf7 no-js\" id=\"wpcf7-f324-o1\" lang=\"pl-PL\" dir=\"ltr\" data-wpcf7-id=\"324\">\n<div class=\"screen-reader-response\"><p role=\"status\" aria-live=\"polite\" aria-atomic=\"true\"><\/p> <ul><\/ul><\/div>\n<form action=\"\/index.php?rest_route=%2Fwp%2Fv2%2Fpages%2F480#wpcf7-f324-o1\" method=\"post\" class=\"wpcf7-form init\" aria-label=\"Formularz kontaktowy\" novalidate=\"novalidate\" data-status=\"init\">\n<fieldset class=\"hidden-fields-container\"><input type=\"hidden\" name=\"_wpcf7\" value=\"324\" \/><input type=\"hidden\" name=\"_wpcf7_version\" value=\"6.1.5\" \/><input type=\"hidden\" name=\"_wpcf7_locale\" value=\"pl_PL\" \/><input type=\"hidden\" name=\"_wpcf7_unit_tag\" value=\"wpcf7-f324-o1\" \/><input type=\"hidden\" name=\"_wpcf7_container_post\" value=\"0\" \/><input type=\"hidden\" name=\"_wpcf7_posted_data_hash\" value=\"\" \/>\n<\/fieldset>\n<p><label>Telefon<br \/>\n<span class=\"wpcf7-form-control-wrap\" data-name=\"your-phone\"><input size=\"40\" maxlength=\"400\" class=\"wpcf7-form-control wpcf7-tel wpcf7-validates-as-required wpcf7-text wpcf7-validates-as-tel tel-field\" aria-required=\"true\" aria-invalid=\"false\" placeholder=\"Telefon\" value=\"\" type=\"tel\" name=\"your-phone\" \/><\/span><br \/>\n<\/label>\n<\/p>\n<p><label>Email<br \/>\n<span class=\"wpcf7-form-control-wrap\" data-name=\"your-email\"><input size=\"40\" maxlength=\"400\" class=\"wpcf7-form-control wpcf7-email wpcf7-validates-as-required wpcf7-text wpcf7-validates-as-email email-field\" aria-required=\"true\" aria-invalid=\"false\" placeholder=\"email@example.com\" value=\"\" type=\"email\" name=\"your-email\" \/><\/span><br \/>\n<\/label>\n<\/p>\n<p><label>Twoja wiadomo\u015b\u0107<br \/>\n<span class=\"wpcf7-form-control-wrap\" data-name=\"your-message\"><textarea cols=\"10\" rows=\"5\" maxlength=\"2000\" class=\"wpcf7-form-control wpcf7-textarea wpcf7-validates-as-required\" aria-required=\"true\" aria-invalid=\"false\" placeholder=\"Twoja wiadomo\u015b\u0107\" name=\"your-message\"><\/textarea><\/span><br \/>\n<\/label>\n<\/p>\n<p><br \/>\n<span class=\"wpcf7-form-control-wrap\" data-name=\"consent\"><span class=\"wpcf7-form-control wpcf7-acceptance\"><span class=\"wpcf7-list-item\"><input type=\"checkbox\" name=\"consent\" value=\"1\" aria-invalid=\"false\" \/><\/span><\/span><\/span> Wyra\u017cam zgod\u0119 na kontakt telefoniczny lub mailowy w celu obs\u0142ugi niniejszego zg\u0142oszenia oraz na otrzymywanie informacji handlowych \u015brodkami komunikacji elektronicznej przez freelancerseo.pl (<a href=\"\/polityka-prywatnosci\" target=\"_blank\">Polityka Prywatno\u015bci<\/a>).\n<\/p>\n<p><input class=\"wpcf7-form-control wpcf7-submit has-spinner submit-btn\" type=\"submit\" value=\"Wy\u015blij Zapytanie\" \/>\n<\/p><div class=\"wpcf7-response-output\" aria-hidden=\"true\"><\/div>\n<\/form>\n<\/div>\n<\/div>\n\t\t\t\t\t\t<\/div>\n\t\t\t\t<div class=\"elementor-element elementor-element-5fc21a3 elementor-widget elementor-widget-menu-anchor\" data-id=\"5fc21a3\" data-element_type=\"widget\" data-e-type=\"widget\" data-widget_type=\"menu-anchor.default\">\n\t\t\t\t\t\t\t<div class=\"elementor-menu-anchor\" id=\"formularz\"><\/div>\n\t\t\t\t\t\t<\/div>\n\t\t\t\t\t<\/div>\n\t\t\t\t<\/div>\n\t\t\t\t<\/div>\n\t\t","protected":false},"excerpt":{"rendered":"<p>zapisz sie na darmowy audyt!! Kim jestem? Cz\u0119\u015b\u0107, nazywam si\u0119 Jan Zakrzewski Zajmuj\u0119 si\u0119 SEO, SEM i analityk\u0105 internetow\u0105, pomagaj\u0105c firmom rozwija\u0107 si\u0119 dzi\u0119ki przemy\u015blanym strategiom widoczno\u015bci i konwersji. Z czasem odkry\u0142em, \u017ce skuteczne pozycjonowanie to co\u015b wi\u0119cej ni\u017c s\u0142owa kluczowe i linki \u2014 to do\u015bwiadczenie u\u017cytkownika, kt\u00f3re decyduje o sukcesie. Dlatego \u0142\u0105cz\u0119 klasyczne SEO [&hellip;]<\/p>\n","protected":false},"author":1,"featured_media":0,"parent":0,"menu_order":0,"comment_status":"closed","ping_status":"closed","template":"","meta":{"footnotes":""},"class_list":["post-480","page","type-page","status-publish","hentry"],"blocksy_meta":[],"yoast_head":"<!-- This site is optimized with the Yoast SEO plugin v27.4 - https:\/\/yoast.com\/product\/yoast-seo-wordpress\/ -->\n<title>o mnie - UXeo<\/title>\n<meta name=\"robots\" content=\"index, follow, max-snippet:-1, max-image-preview:large, max-video-preview:-1\" \/>\n<link rel=\"canonical\" href=\"https:\/\/janzak.com.pl\/?page_id=480\" \/>\n<meta property=\"og:locale\" content=\"pl_PL\" \/>\n<meta property=\"og:type\" content=\"article\" \/>\n<meta property=\"og:title\" content=\"o mnie - UXeo\" \/>\n<meta property=\"og:description\" content=\"zapisz sie na darmowy audyt!! Kim jestem? Cz\u0119\u015b\u0107, nazywam si\u0119 Jan Zakrzewski Zajmuj\u0119 si\u0119 SEO, SEM i analityk\u0105 internetow\u0105, pomagaj\u0105c firmom rozwija\u0107 si\u0119 dzi\u0119ki przemy\u015blanym strategiom widoczno\u015bci i konwersji. Z czasem odkry\u0142em, \u017ce skuteczne pozycjonowanie to co\u015b wi\u0119cej ni\u017c s\u0142owa kluczowe i linki \u2014 to do\u015bwiadczenie u\u017cytkownika, kt\u00f3re decyduje o sukcesie. Dlatego \u0142\u0105cz\u0119 klasyczne SEO [&hellip;]\" \/>\n<meta property=\"og:url\" content=\"https:\/\/janzak.com.pl\/?page_id=480\" \/>\n<meta property=\"og:site_name\" content=\"UXeo\" \/>\n<meta property=\"article:modified_time\" content=\"2025-11-14T18:46:52+00:00\" \/>\n<meta property=\"og:image\" content=\"http:\/\/janzak.com.pl\/wp-content\/plugins\/elementor\/assets\/images\/placeholder.png\" \/>\n<meta name=\"twitter:card\" content=\"summary_large_image\" \/>\n<meta name=\"twitter:label1\" content=\"Szacowany czas czytania\" \/>\n\t<meta name=\"twitter:data1\" content=\"1 minuta\" \/>\n<script type=\"application\/ld+json\" class=\"yoast-schema-graph\">{\"@context\":\"https:\\\/\\\/schema.org\",\"@graph\":[{\"@type\":\"WebPage\",\"@id\":\"https:\\\/\\\/janzak.com.pl\\\/?page_id=480\",\"url\":\"https:\\\/\\\/janzak.com.pl\\\/?page_id=480\",\"name\":\"o mnie - UXeo\",\"isPartOf\":{\"@id\":\"https:\\\/\\\/janzak.com.pl\\\/#website\"},\"primaryImageOfPage\":{\"@id\":\"https:\\\/\\\/janzak.com.pl\\\/?page_id=480#primaryimage\"},\"image\":{\"@id\":\"https:\\\/\\\/janzak.com.pl\\\/?page_id=480#primaryimage\"},\"thumbnailUrl\":\"http:\\\/\\\/janzak.com.pl\\\/wp-content\\\/plugins\\\/elementor\\\/assets\\\/images\\\/placeholder.png\",\"datePublished\":\"2025-10-25T21:57:36+00:00\",\"dateModified\":\"2025-11-14T18:46:52+00:00\",\"breadcrumb\":{\"@id\":\"https:\\\/\\\/janzak.com.pl\\\/?page_id=480#breadcrumb\"},\"inLanguage\":\"pl-PL\",\"potentialAction\":[{\"@type\":\"ReadAction\",\"target\":[\"https:\\\/\\\/janzak.com.pl\\\/?page_id=480\"]}]},{\"@type\":\"ImageObject\",\"inLanguage\":\"pl-PL\",\"@id\":\"https:\\\/\\\/janzak.com.pl\\\/?page_id=480#primaryimage\",\"url\":\"http:\\\/\\\/janzak.com.pl\\\/wp-content\\\/plugins\\\/elementor\\\/assets\\\/images\\\/placeholder.png\",\"contentUrl\":\"http:\\\/\\\/janzak.com.pl\\\/wp-content\\\/plugins\\\/elementor\\\/assets\\\/images\\\/placeholder.png\"},{\"@type\":\"BreadcrumbList\",\"@id\":\"https:\\\/\\\/janzak.com.pl\\\/?page_id=480#breadcrumb\",\"itemListElement\":[{\"@type\":\"ListItem\",\"position\":1,\"name\":\"Strona g\u0142\u00f3wna\",\"item\":\"https:\\\/\\\/janzak.com.pl\\\/\"},{\"@type\":\"ListItem\",\"position\":2,\"name\":\"o mnie\"}]},{\"@type\":\"WebSite\",\"@id\":\"https:\\\/\\\/janzak.com.pl\\\/#website\",\"url\":\"https:\\\/\\\/janzak.com.pl\\\/\",\"name\":\"UXeo\",\"description\":\"seo\",\"alternateName\":\"freelancer seo\",\"potentialAction\":[{\"@type\":\"SearchAction\",\"target\":{\"@type\":\"EntryPoint\",\"urlTemplate\":\"https:\\\/\\\/janzak.com.pl\\\/?s={search_term_string}\"},\"query-input\":{\"@type\":\"PropertyValueSpecification\",\"valueRequired\":true,\"valueName\":\"search_term_string\"}}],\"inLanguage\":\"pl-PL\"}]}<\/script>\n<!-- \/ Yoast SEO plugin. -->","yoast_head_json":{"title":"o mnie - UXeo","robots":{"index":"index","follow":"follow","max-snippet":"max-snippet:-1","max-image-preview":"max-image-preview:large","max-video-preview":"max-video-preview:-1"},"canonical":"https:\/\/janzak.com.pl\/?page_id=480","og_locale":"pl_PL","og_type":"article","og_title":"o mnie - UXeo","og_description":"zapisz sie na darmowy audyt!! Kim jestem? Cz\u0119\u015b\u0107, nazywam si\u0119 Jan Zakrzewski Zajmuj\u0119 si\u0119 SEO, SEM i analityk\u0105 internetow\u0105, pomagaj\u0105c firmom rozwija\u0107 si\u0119 dzi\u0119ki przemy\u015blanym strategiom widoczno\u015bci i konwersji. Z czasem odkry\u0142em, \u017ce skuteczne pozycjonowanie to co\u015b wi\u0119cej ni\u017c s\u0142owa kluczowe i linki \u2014 to do\u015bwiadczenie u\u017cytkownika, kt\u00f3re decyduje o sukcesie. Dlatego \u0142\u0105cz\u0119 klasyczne SEO [&hellip;]","og_url":"https:\/\/janzak.com.pl\/?page_id=480","og_site_name":"UXeo","article_modified_time":"2025-11-14T18:46:52+00:00","og_image":[{"url":"http:\/\/janzak.com.pl\/wp-content\/plugins\/elementor\/assets\/images\/placeholder.png","type":"","width":"","height":""}],"twitter_card":"summary_large_image","twitter_misc":{"Szacowany czas czytania":"1 minuta"},"schema":{"@context":"https:\/\/schema.org","@graph":[{"@type":"WebPage","@id":"https:\/\/janzak.com.pl\/?page_id=480","url":"https:\/\/janzak.com.pl\/?page_id=480","name":"o mnie - UXeo","isPartOf":{"@id":"https:\/\/janzak.com.pl\/#website"},"primaryImageOfPage":{"@id":"https:\/\/janzak.com.pl\/?page_id=480#primaryimage"},"image":{"@id":"https:\/\/janzak.com.pl\/?page_id=480#primaryimage"},"thumbnailUrl":"http:\/\/janzak.com.pl\/wp-content\/plugins\/elementor\/assets\/images\/placeholder.png","datePublished":"2025-10-25T21:57:36+00:00","dateModified":"2025-11-14T18:46:52+00:00","breadcrumb":{"@id":"https:\/\/janzak.com.pl\/?page_id=480#breadcrumb"},"inLanguage":"pl-PL","potentialAction":[{"@type":"ReadAction","target":["https:\/\/janzak.com.pl\/?page_id=480"]}]},{"@type":"ImageObject","inLanguage":"pl-PL","@id":"https:\/\/janzak.com.pl\/?page_id=480#primaryimage","url":"http:\/\/janzak.com.pl\/wp-content\/plugins\/elementor\/assets\/images\/placeholder.png","contentUrl":"http:\/\/janzak.com.pl\/wp-content\/plugins\/elementor\/assets\/images\/placeholder.png"},{"@type":"BreadcrumbList","@id":"https:\/\/janzak.com.pl\/?page_id=480#breadcrumb","itemListElement":[{"@type":"ListItem","position":1,"name":"Strona g\u0142\u00f3wna","item":"https:\/\/janzak.com.pl\/"},{"@type":"ListItem","position":2,"name":"o mnie"}]},{"@type":"WebSite","@id":"https:\/\/janzak.com.pl\/#website","url":"https:\/\/janzak.com.pl\/","name":"UXeo","description":"seo","alternateName":"freelancer seo","potentialAction":[{"@type":"SearchAction","target":{"@type":"EntryPoint","urlTemplate":"https:\/\/janzak.com.pl\/?s={search_term_string}"},"query-input":{"@type":"PropertyValueSpecification","valueRequired":true,"valueName":"search_term_string"}}],"inLanguage":"pl-PL"}]}},"_links":{"self":[{"href":"https:\/\/janzak.com.pl\/index.php?rest_route=\/wp\/v2\/pages\/480","targetHints":{"allow":["GET"]}}],"collection":[{"href":"https:\/\/janzak.com.pl\/index.php?rest_route=\/wp\/v2\/pages"}],"about":[{"href":"https:\/\/janzak.com.pl\/index.php?rest_route=\/wp\/v2\/types\/page"}],"author":[{"embeddable":true,"href":"https:\/\/janzak.com.pl\/index.php?rest_route=\/wp\/v2\/users\/1"}],"replies":[{"embeddable":true,"href":"https:\/\/janzak.com.pl\/index.php?rest_route=%2Fwp%2Fv2%2Fcomments&post=480"}],"version-history":[{"count":32,"href":"https:\/\/janzak.com.pl\/index.php?rest_route=\/wp\/v2\/pages\/480\/revisions"}],"predecessor-version":[{"id":543,"href":"https:\/\/janzak.com.pl\/index.php?rest_route=\/wp\/v2\/pages\/480\/revisions\/543"}],"wp:attachment":[{"href":"https:\/\/janzak.com.pl\/index.php?rest_route=%2Fwp%2Fv2%2Fmedia&parent=480"}],"curies":[{"name":"wp","href":"https:\/\/api.w.org\/{rel}","templated":true}]}}